 hundreds digit of 5401?
4
What is the ten thousands digit of 100744?
0
What is the units digit of 9048?
8
What is the thousands digit of 46261?
6
What is the tens digit of 3405?
0
What is the hundreds digit of 9702?
7
What is the thousands digit of 3330?
3
What is the tens digit of 1739?
3
What is the tens digit of 53?
5
What is the tens digit of 7250?
5
What is the units digit of 14298?
8
What is the thousands digit of 88095?
8
What is the units digit of 297?
7
What is the thousands digit of 1986?
1
What is the tens digit of 692?
9
What is the hundreds digit of 7043?
0
What is the tens digit of 916?
1
What is the tens digit of 1589?
8
What is the hundreds digit of 10881?
8
What is the units digit of 10177?
7
What is the tens digit of 5684?
8
What is the hundreds digit of 79357?
3
What is the hundreds digit of 2651?
6
What is the units digit of 110?
0
What is the units digit of 5?
5
What is the hundreds digit of 2009?
0
What is the tens digit of 973?
7
What is the thousands digit of 6200?
6
What is the units digit of 3517?
7
What is the units digit of 935?
5
What is the units digit of 1245?
5
What is the thousands digit of 44109?
4
What is the tens digit of 429?
2
What is the hundreds digit of 202830?
8
What is the tens digit of 38?
3
What is the hundreds digit of 3713?
7
What is the tens digit of 2514?
1
What is the hundreds digit of 920?
9
What is the hundreds digit of 1851?
8
What is the thousands digit of 33637?
3
What is the units digit of 3453?
3
What is the units digit of 88399?
9
What is the thousands digit of 10754?
0
What is the tens digit of 113?
1
What is the tens digit of 537?
3
What is the thousands digit of 1873?
1
What is the units digit of 3504?
4
What is the units digit of 4292?
2
What is the hundreds digit of 238?
2
What is the tens digit of 6251?
5
What is the units digit of 28152?
2
What is the thousands digit of 4517?
4
What is the ten thousands digit of 14144?
1
What is the ten thousands digit of 27901?
2
What is the tens digit of 1095?
9
What is the tens digit of 149902?
0
What is the thousands digit of 1200?
1
What is the ten thousands digit of 47505?
4
What is the tens digit of 513?
1
What is the thousands digit of 3470?
3
What is the hundreds digit of 906?
9
What is the thousands digit of 23383?
3
What is the units digit of 853?
3
What is the tens digit of 322?
2
What is the thousands digit of 9612?
9
What is the thousands digit of 4072?
4
What is the hundreds digit of 828?
8
What is the units digit of 912?
2
What is the units digit of 2681?
1
What is the thousands digit of 49076?
9
What is the ten thousands digit of 49914?
4
What is the units digit of 819?
9
What is the tens digit of 2166?
6
What is the ten thousands digit of 53969?
5
What is the hundreds digit of 642?
6
What is the tens digit of 2040?
4
What is the hundreds digit of 1478?
4
What is the tens digit of 610?
1
What is the hundreds digit of 6195?
1
What is the ten thousands digit of 33375?
3
What is the tens digit of 909?
0
What is the ten thousands digit of 29846?
2
What is the thousands digit of 16048?
6
What is the thousands digit of 24426?
4
What is the tens digit of 4186?
8
What is the thousands digit of 70323?
0
What is the units digit of 5270?
0
What is the units digit of 6251?
1
What is the tens digit of 15652?
5
What is the tens digit of 62983?
8
What is the tens digit of 14426?
2
What is the thousands digit of 8834?
8
What is the hundreds digit of 675?
6
What is the hundreds digit of 286?
2
What is the tens digit of 1352?
5
What is the hundreds digit of 1420?
4
What is the hundreds digit of 109122?
1
What is the units digit of 33853?
3
What is the units digit of 5213?
3
What is the thousands digit of 23532?
3
What is the tens digit of 889?
8
What is the tens digit of 663?
6
What is the units digit of 91?
1
What is the units digit of 7?
7
What is the thousands digit of 3042?
3
What is the ten thousands digit of 89042?
8
What is the thousands digit of 21354?
1
What is the thousands digit of 5750?
5
What is the tens digit of 85907?
0
What is the tens digit of 1051?
5
What is the ten thousands digit of 25358?
2
What is the units digit of 3680?
0
What is the hundreds digit of 3405?
4
What is the hundreds digit of 689?
6
What is the tens digit of 110741?
4
What is the tens digit of 2257?
5
What is the hundreds digit of 31190?
1
What is the tens digit of 3923?
2
What is the thousands digit of 1686?
1
What is the units digit of 2627?
7
What is the thousands digit of 1514?
1
What is the units digit of 9713?
3
What is the tens digit of 404?
0
What is the tens digit of 37362?
6
What is the units digit of 10868?
8
What is the units digit of 14555?
5
What is the thousands digit of 1456?
1
What is the hundreds digit of 3590?
5
What is the units digit of 1118?
8
What is the units digit of 65183?
3
What is the units digit of 303?
3
What is the hundreds digit of 105?
1
What is the ten thousands digit of 40476?
4
What is the tens digit of 275?
7
What is the tens digit of 2759?
5
What is the tens digit of 3848?
4
What is the hundreds digit of 1232?
2
What is the tens digit of 9738?
3
What is the tens digit of 5040?
4
What is the hundreds digit of 1217?
2
What is the units digit of 415?
5
What is the tens digit of 286?
8
What is the thousands digit of 119109?
9
What is the tens digit of 694?
9
What is the thousands digit of 1170?
1
What is the tens digit of 1787?
8
What is the units digit of 482?
2
What is the units digit of 4441?
1
What is the hundreds digit of 6399?
3
What is the hundreds digit of 998?
9
What is the tens digit of 904?
0
What is the tens digit of 451?
5
What is the ten thousands digit of 15911?
1
What is the units digit of 97114?
4
What is the hundreds digit of 3896?
8
What is the tens digit of 797?
9
What is the units digit of 942?
2
What is the hundreds digit of 121?
1
What is the ten thousands digit of 86017?
8
What is the units digit of 422?
2
What is the tens digit of 1168?
6
What is the hundreds digit of 828?
8
What is the units digit of 3977?
7
What is the thousands digit of 2909?
2
What is the hundreds digit of 922?
9
What is the hundreds digit of 889?
8
What is the ten thousands digit of 24902?
2
What is the hundreds digit of 1069?
0
What is the units digit of 12753?
3
What is the thousands digit of 112362?
2
What is the units digit of 21465?
5
What is the units digit of 43603?
3
What is the tens digit of 1659?
5
What is the thousands digit of 12887?
2
What is the hundreds digit of 2058?
0
What is the tens digit of 15540?
4
What is the tens digit of 557?
5
What is the hundreds digit of 1776?
7
What is the tens digit of 55255?
5
What is the hundreds digit of 838?
8
What is the tens digit of 1386?
8
What is the units digit of 2764?
4
What is the ten thousands digit of 49317?
4
What is the tens digit of 1307?
0
What is the hundreds digit of 1921?
9
What is the hundreds digit of 1576?
5
What is the hundreds digit of 5997?
9
What is the units digit of 2340?
0
What is the hundreds digit of 108542?
5
What is the thousands digit of 18250?
8
What is the hundreds digit of 8977?
9
What is the thousands digit of 89191?
9
What is the tens digit of 360?
6
What is the units digit of 4384?
4
What is the units digit of 1642?
2
What is the hundreds digit of 26306?
3
What is the hundreds digit of 39074?
0
What is the units digit of 6586?
6
What is the hundreds digit of 8407?
4
What is the units digit of 24361?
1
What is the units digit of 843?
3
What is the thousands digit of 3036?
3
What is the units digit of 7653?
3
What is the units digit of 130467?
7
What is the hundreds digit of 3051?
0
What is the units digit of 831?
1
What is the tens digit of 56526?
2
What is the units digit of 38434?
4
What is the units digit of 994?
4
What is the tens digit of 711?
1
What is the ten thousands digit of 13886?
1
What is the units digit of 517?
7
What is the thousands digit of 1191?
1
What is the thousands digit of 85929?
5
What is the ten thousands digit of 17101?
1
What is the units digit of 18664?
4
What is the units digit of 55681?
1
What is the units digit of 3165?
5
What is the units digit of 2918?
8
What is the hundreds digit of 22822?
8
What is the units digit of 919?
9
What is the tens digit of 398?
9
What is the ten thousands digit of 18458?
1
What 